me factors of 927?
3, 103
What are the prime factors of 180?
2, 3, 5
List the prime factors of 937.
937
List the prime factors of 87863.
41, 2143
List the prime factors of 47.
47
List the prime factors of 323.
17, 19
List the prime factors of 14870.
2, 5, 1487
List the prime factors of 520.
2, 5, 13
What are the prime factors of 2000?
2, 5
List the prime factors of 5329.
73
List the prime factors of 26762.
2, 13381
What are the prime factors of 48618?
2, 3, 37, 73
What are the prime factors of 3038?
2, 7, 31
What are the prime factors of 9930?
2, 3, 5, 331
List the prime factors of 18641.
7, 2663
List the prime factors of 10352.
2, 647
List the prime factors of 11078.
2, 29, 191
List the prime factors of 4646.
2, 23, 101
What are the prime factors of 1850?
2, 5, 37
List the prime factors of 20531.
7, 419
What are the prime factors of 1174?
2, 587
List the prime factors of 46867.
46867
What are the prime factors of 9799?
41, 239
List the prime factors of 1306.
2, 653
List the prime factors of 44631.
3, 19, 29
What are the prime factors of 1202?
2, 601
What are the prime factors of 98432?
2, 769
What are the prime factors of 141148?
2, 7, 71
List the prime factors of 4204.
2, 1051
List the prime factors of 160522.
2, 83, 967
List the prime factors of 1418.
2, 709
List the prime factors of 27251.
7, 17, 229
What are the prime factors of 5905?
5, 1181
What are the prime factors of 8192?
2
List the prime factors of 59266.
2, 29633
What are the prime factors of 17846?
2, 8923
What are the prime factors of 228?
2, 3, 19
List the prime factors of 2040.
2, 3, 5, 17
List the prime factors of 13667.
79, 173
What are the prime factors of 397?
397
What are the prime factors of 44536?
2, 19, 293
List the prime factors of 3715.
5, 743
What are the prime factors of 1058?
2, 23
List the prime factors of 15449.
7, 2207
What are the prime factors of 1319?
1319
What are the prime factors of 2244?
2, 3, 11, 17
What are the prime factors of 21256?
2, 2657
List the prime factors of 137657.
13, 10589
List the prime factors of 2917.
2917
List the prime factors of 30716.
2, 7, 1097
List the prime factors of 1304.
2, 163
What are the prime factors of 50020?
2, 5, 41, 61
What are the prime factors of 25587?
3, 2843
List the prime factors of 13326.
2, 3, 2221
What are the prime factors of 11255?
5, 2251
List the prime factors of 2871.
3, 11, 29
List the prime factors of 109.
109
What are the prime factors of 70886?
2, 23, 67
List the prime factors of 113351.
7, 16193
What are the prime factors of 1287?
3, 11, 13
List the prime factors of 4700.
2, 5, 47
What are the prime factors of 8822?
2, 11, 401
List the prime factors of 14176.
2, 443
What are the prime factors of 42288?
2, 3, 881
List the prime factors of 3301.
3301
List the prime factors of 22866.
2, 3, 37, 103
What are the prime factors of 556?
2, 139
What are the prime factors of 353?
353
List the prime factors of 882.
2, 3, 7
List the prime factors of 17914.
2, 13, 53
What are the prime factors of 5415?
3, 5, 19
What are the prime factors of 23216?
2, 1451
What are the prime factors of 106771?
7, 2179
What are the prime factors of 3603?
3, 1201
What are the prime factors of 30327?
3, 11, 919
What are the prime factors of 14943?
3, 17, 293
What are the prime factors of 12032?
2, 47
What are the prime factors of 61548?
2, 3, 23, 223
What are the prime factors of 122?
2, 61
What are the prime factors of 15099?
3, 7, 719
List the prime factors of 5752.
2, 719
What are the prime factors of 21330?
2, 3, 5, 79
List the prime factors of 4131.
3, 17
What are the prime factors of 5521?
5521
List the prime factors of 24390.
2, 3, 5, 271
What are the prime factors of 25099?
19, 1321
What are the prime factors of 50691?
3, 61, 277
List the prime factors of 5934.
2, 3, 23, 43
List the prime factors of 62211.
3, 89, 233
List the prime factors of 16999.
89, 191
List the prime factors of 1158.
2, 3, 193
What are the prime factors of 83284?
2, 47, 443
What are the prime factors of 3373?
3373
List the prime factors of 146980.
2, 5, 7349
List the prime factors of 51028.
2, 12757
What are the prime factors of 18382?
2, 7, 13, 101
What are the prime factors of 28060?
2, 5, 23, 61
What are the prime factors of 64414?
2, 7, 43, 107
What are the prime factors of 75609?
3, 31, 271
What are the prime factors of 71522?
2, 11, 3251
What are the prime factors of 1579?
1579
What are the prime factors of 798?
2, 3, 7, 19
What are the prime factors of 26380?
2, 5, 1319
List the prime factors of 4245.
3, 5, 283
List the prime factors of 1561.
7, 223
List the prime factors of 18294.
2, 3, 3049
What are the prime factors of 854?
2, 7, 61
List the prime factors of 1798.
2, 29, 31
List the prime factors of 59441.
59441
What are the prime factors of 9585?
3, 5, 71
What are the prime factors of 53?
53
List the prime factors of 2834.
2, 13, 109
List the prime factors of 18915.
3, 5, 13, 97
List the prime factors of 2519.
11, 229
List the prime factors of 1457.
31, 47
What are the prime factors of 429?
3, 11, 13
What are the prime factors of 64942?
2, 19, 1709
What are the prime factors of 4651?
4651
List the prime factors of 3103.
29, 107
What are the prime factors of 96334?
2, 7, 983
What are the prime factors of 549?
3, 61
What are the prime factors of 341?
11, 31
What are the prime factors of 7035?
3, 5, 7, 67
List the prime factors of 47113.
11, 4283
List the prime factors of 725.
5, 29
What are the prime factors of 3961?
17, 233
List the prime factors of 3791.
17, 223
List the prime factors of 2211.
3, 11, 67
What are the prime factors of 37452?
2, 3, 3121
What are the prime factors of 1387?
19, 73
List the prime factors of 8115.
3, 5, 541
What are the prime factors of 1857?
3, 619
What are the prime factors of 17885?
5, 7, 73
List the prime factors of 5530.
2, 5, 7, 79
What are the prime factors of 28?
2, 7
List the prime factors of 6985.
5, 11, 127
List the prime factors of 2457.
3, 7, 13
What are the prime factors of 410?
2, 5, 41
What are the prime factors of 1855?
5, 7, 53
List the prime factors of 7030.
2, 5, 19, 37
List the prime factors of 9730.
2, 5, 7, 139
List the prime factors of 15037.
11, 1367
List the prime factors of 111736.
2, 13967
List the prime factors of 851.
23, 37
List the prime factors of 2112.
2, 3, 11
List the prime factors of 19932.
2, 3, 11, 151
List the prime factors of 20200.
2, 5, 101
List the prime factors of 218.
2, 109
What are the prime factors of 35002?
2, 11, 37, 43
What are the prime factors of 18391?
53, 347
What are the prime factors of 3176?
2, 397
What are the prime factors of 8542?
2, 4271
List the prime factors of 1995.
3, 5, 7, 19
List the prime factors of 845.
5, 13
List the prime factors of 5708.
2, 1427
List the prime factors of 131.
131
List the prime factors of 12868.
2, 3217
What are the prime factors of 10277?
43, 239
List the prime factors of 7169.
67, 107
List the prime factors of 3633.
3, 7, 173
What are the prime factors of 1013?
1013
List the prime factors of 7256.
2, 907
What are the prime factors of 14025?
3, 5, 11, 17
List the prime factors of 20055.
3, 5, 7, 191
What are the prime factors of 118465?
5, 19, 29, 43
What are the prime factors of 28505?
5, 5701
List the prime factors of 22164.
2, 3, 1847
What are the prime factors of 13222?
2, 11, 601
What are the prime factors of 22311?
3, 37, 67
What are the prime factors of 12024?
2, 3, 167
List the prime factors of 2455.
5, 491
List the prime factors of 3697.
3697
List the prime factors of 16817.
67, 251
List the prime factors of 12316.
2, 3079
What are the prime factors of 5061?
3, 7, 241
What are the prime factors of 8454?
2, 3, 1409
List the prime factors of 33.
3, 11
List the prime factors of 11936.
2, 373
List the prime factors of 29026.
2, 23, 631
List the prime factors of 120732.
2, 3, 10061
List the prime factors of 22404.
2, 3, 1867
What are the prime factors of 1702?
2, 23, 37
List the prime factors of 4366.
2, 37, 59
List the prime factors of 254.
2, 127
What are the prime factors of 1719?
3, 191
What are the prime factors of 888?
2, 3, 37
List the prime factors of 51309.
3, 5701
List the prime factors of 12096.
2, 3, 7
List the prime factors of 1810.
2, 5, 181
What are the prime factors of 725?
5, 29
List the prime factors